at is the highest common factor of 56190 and 713280?
30
Calculate the highest common factor of 1647190 and 20193.
127
What is the highest common factor of 408 and 6473712?
24
What is the highest common factor of 9309812 and 174?
58
What is the highest common factor of 1836 and 577592?
68
Calculate the highest common factor of 156581440 and 1436.
1436
What is the greatest common factor of 19096680 and 1398?
1398
Calculate the greatest common divisor of 642560 and 42670.
2510
What is the highest common factor of 12 and 12037041?
3
Calculate the highest common divisor of 9 and 128608.
1
What is the highest common divisor of 299908413 and 15309?
5103
Calculate the greatest common factor of 15143562 and 496062.
3906
What is the greatest common factor of 22 and 33909?
1
What is the greatest common factor of 39 and 11152453?
13
What is the greatest common factor of 12997246 and 2542?
2542
Calculate the greatest common factor of 7588889 and 1356817.
5159
What is the greatest common factor of 1114018 and 68240?
1706
What is the greatest common factor of 42551112 and 166?
166
What is the highest common factor of 31 and 1439428828?
31
Calculate the greatest common divisor of 381771225 and 14850.
7425
Calculate the greatest common factor of 3576 and 23293632.
24
Calculate the highest common divisor of 1776621 and 105.
21
What is the greatest common factor of 5157 and 42528060?
1719
Calculate the highest common divisor of 13687352 and 73162.
466
Calculate the highest common factor of 2745 and 23462735.
305
What is the highest common divisor of 150905350 and 278?
278
Calculate the highest common divisor of 1647693 and 9558.
531
What is the highest common divisor of 54 and 722800152?
54
What is the highest common factor of 2434844 and 978916?
508
Calculate the greatest common factor of 308 and 406845428.
44
Calculate the greatest common divisor of 960 and 30045840.
240
What is the highest common factor of 102 and 96241386?
102
What is the greatest common divisor of 12674764 and 996?
332
What is the greatest common factor of 1509592 and 14728?
56
What is the highest common factor of 1561772 and 4806?
178
What is the highest common factor of 61 and 88288289?
61
Calculate the greatest common divisor of 3414670 and 140.
70
What is the highest common divisor of 19046082 and 4686?
66
What is the highest common divisor of 77696 and 11136?
128
What is the highest common factor of 168 and 26241348?
84
What is the highest common divisor of 335738117 and 2431?
2431
Calculate the greatest common divisor of 380 and 8922495.
95
Calculate the highest common divisor of 368 and 94649554.
46
Calculate the highest common divisor of 10 and 191444110.
10
What is the highest common divisor of 153 and 42310467?
153
Calculate the greatest common divisor of 266126597 and 418.
209
Calculate the highest common divisor of 577840 and 588325.
1165
Calculate the highest common divisor of 1203125 and 31075.
275
What is the highest common factor of 18326 and 1032262?
154
What is the highest common factor of 98736055 and 33?
11
Calculate the highest common divisor of 338946465 and 132.
33
Calculate the highest common divisor of 1643544 and 702.
54
What is the greatest common divisor of 2861235 and 800007?
2847
What is the greatest common divisor of 12471246 and 42513?
1149
What is the highest common divisor of 353888537 and 29?
29
What is the highest common divisor of 218569 and 1355575?
559
What is the greatest common divisor of 25344676 and 84?
28
Calculate the greatest common factor of 44997 and 416576.
283
What is the greatest common factor of 22961196 and 9?
9
What is the highest common divisor of 27324 and 23742?
18
Calculate the highest common factor of 62 and 625911018.
62
Calculate the greatest common factor of 8228 and 27063949.
2057
What is the greatest common factor of 554 and 35770949?
277
What is the greatest common factor of 21 and 198528827?
7
What is the greatest common factor of 9844 and 33812?
428
Calculate the highest common divisor of 2808 and 1952392.
104
What is the highest common factor of 226936368 and 8352?
4176
Calculate the greatest common factor of 4680 and 11374805.
65
Calculate the highest common divisor of 19648 and 28384.
32
What is the highest common factor of 25789 and 41588?
37
Calculate the greatest common divisor of 1430291485 and 1085.
1085
What is the highest common divisor of 270775551 and 2429?
347
Calculate the greatest common factor of 528237 and 396.
9
What is the highest common factor of 1369635644 and 52?
52
What is the greatest common divisor of 14151 and 11530839?
159
Calculate the highest common factor of 13348 and 7414532.
188
Calculate the greatest common divisor of 437420453 and 466.
233
Calculate the highest common divisor of 8415 and 1202665.
85
What is the highest common factor of 9 and 234263043?
9
What is the highest common factor of 1314 and 15514690?
146
Calculate the greatest common divisor of 6849000 and 5700.
300
What is the greatest common factor of 393726 and 3421?
311
What is the greatest common factor of 10453379 and 50911?
1039
What is the greatest common factor of 3114875 and 20?
5
Calculate the greatest common factor of 4141 and 8413199.
101
Calculate the highest common factor of 378084 and 57036.
588
What is the greatest common factor of 142259 and 4991?
31
What is the highest common factor of 7182 and 63739718?
266
Calculate the highest common factor of 15630073 and 7495.
1499
Calculate the highest common divisor of 6031 and 539041.
163
Calculate the greatest common factor of 481269150 and 10710.
1530
Calculate the highest common divisor of 68290 and 10.
10
Calculate the highest common factor of 34600 and 1579663.
173
Calculate the greatest common divisor of 9158015 and 2085.
695
Calculate the highest common divisor of 66 and 54729114.
66
Calculate the greatest common divisor of 46644 and 39137358.
1014
Calculate the highest common divisor of 719087 and 163957.
1291
What is the highest common divisor of 2852 and 3439388?
124
Calculate the greatest common divisor of 103462590 and 45.
15
What is the highest common divisor of 207570 and 31302?
222
What is the highest common factor of 4421733 and 8853?
681
Calculate the greatest common factor of 16872 and 223776.
888
Calculate the highest common divisor of 119 and 493413984.
119
What is the greatest common factor of 63 and 786044133?
63
What is the greatest common divisor of 127174140 and 140?
20
Calculate the highest common factor of 13149 and 1371681.
27
Calculate the highest common divisor of 10963 and 379430.
19
What is the greatest common factor of 73386469 and 52?
13
Calculate the greatest common divisor of 5643 and 7546781.
209
Calculate the greatest common divisor of 53756820 and 1560.
780
Calculate the highest common divisor of 217 and 2402934.
31
What is the greatest common divisor of 11253 and 21762?
93
Calculate the greatest common factor of 273 and 5367609.
39
Calculate the greatest common factor of 2010 and 10898823.
201
Calculate the highest common factor of 10404 and 40414916.
1156
What is the greatest common divisor of 231482 and 1408?
2
Calculate the highest common divisor of 384384 and 4366362.
6006
What is the highest common divisor of 2293332 and 147?
3
Calculate the highest common divisor of 359892 and 73242.
234
Calculate the greatest common divisor of 839004 and 18904.
556
Calculate the greatest common divisor of 1998503 and 119.
17
Calculate the highest common divisor of 218 and 9796484.
218
What is the greatest common divisor of 13987 and 47477?
197
Calculate the highest common factor of 920 and 483731860.
460
Calculate the highest common divisor of 611 and 916862323.
611
Calculate the greatest common divisor of 374245 and 9345.
445
What is the greatest common factor of 63985 and 390595?
955
Calculate the greatest common divisor of 5539 and 419833.
29
Calculate the greatest common divisor of 47120210 and 70.
10
What is the greatest common factor of 614288 and 436?
4
Calculate the highest common factor of 44 and 90424422.
22
What is the greatest common factor of 594221 and 50303?
269
What is the greatest common factor of 176738 and 5702126?
9302
What is the highest common divisor of 513 and 51052905?
171
What is the highest common divisor of 194